{"id":686,"date":"2023-05-27T00:26:22","date_gmt":"2023-05-27T03:26:22","guid":{"rendered":"https:\/\/www.xn--cabaascarolina-tnb.cl\/?page_id=686"},"modified":"2023-05-27T01:11:15","modified_gmt":"2023-05-27T04:11:15","slug":"condiciones-y-politicas","status":"publish","type":"page","link":"https:\/\/www.xn--cabaascarolina-tnb.cl\/?page_id=686","title":{"rendered":"CONDICIONES Y POL\u00cdTICAS"},"content":{"rendered":"<p>[et_pb_section fb_built=&#8221;1&#8243; _builder_version=&#8221;4.8.0&#8243; _module_preset=&#8221;default&#8221;][et_pb_row _builder_version=&#8221;4.8.0&#8243; _module_preset=&#8221;default&#8221; width=&#8221;92.3%&#8221; custom_padding=&#8221;0px|||||&#8221;][et_pb_column type=&#8221;4_4&#8243; _builder_version=&#8221;4.8.0&#8243; _module_preset=&#8221;default&#8221;][et_pb_text _builder_version=&#8221;4.8.0&#8243; _module_preset=&#8221;default&#8221; width=&#8221;100%&#8221; custom_padding=&#8221;|0px||0px||&#8221;]<\/p>\n<p>&nbsp;<\/p>\n<p>*Se reciben paseos de curso, delegaciones u empresas, entre otros.<br \/>\n*Para delegaciones tenemos un quincho equipado (horno semi industrial, cocina equipada), Con capacidad para 40 personas, con un valor preferencial de $ 45.000 mil pesos diarios.<br \/>\n*El uso individual del quincho tiene un costo de $ 7.000 mil pesos.<br \/>\n*El arriendo m\u00ednimo de una caba\u00f1a en temporada baja es a partir de 2 noches con abono previo.<br \/>\n*El arriendo en temporada alta es a partir de 5 noches, abonando el 50\u202f% al momento de reservar y el otro 50\u202f% se cancela una vez recibida la caba\u00f1a.<br \/>\n*Horario Check In (hora de entrada): 14:30 pm<br \/>\n*Horario Check Out (hora de salida): 12:00 pm<br \/>\n*Late Check Out (salir despu\u00e9s de la hora establecida): No incluido. Consultar disponibilidad con aviso previo.<\/p>\n<p><span style=\"font-size: 14px;\">*No se admiten ruidos que puedan molestar a los demas clientes.&nbsp; &nbsp; &nbsp; &nbsp; &nbsp; &nbsp; &nbsp; &nbsp; &nbsp;<\/span><\/p>\n<p>*Las caba\u00f1as cuentan con televisi\u00f3n, cocina equipada, ropa de cama, mesa para uso exterior, parrilla, estacionamiento individual, esto junto a un saco de le\u00f1a por noche.<br \/>\n*El arriendo de las caba\u00f1as NO incluye aseo diario, ni incluye toallas, pa\u00f1os de cocina ni art\u00edculos de aseo.<br \/>\n*Si requieren de aseo para su caba\u00f1a se puede recomendar a una persona externa.<br \/>\n*Servicio de lavander\u00eda es con personal externo, recomendado por el complejo, el pago por el servicio se realiza al personal.<br \/>\n*Ley 20.660 proh\u00edbe fumar en espacios cerrados, pero s\u00ed en el exterior, solo si no inc\u00f3moda a las dem\u00e1s personas.<br \/>\n*En el caso de que quiera retirarse antes de la fecha de t\u00e9rmino de su arriendo. NO SE REMBOLSAR\u00c1 DINERO. SE REALIZA EL COBRO COMPLETO DE LA ESTAD\u00cdA.<br \/>\n*En caso de no avisar con un m\u00ednimo de 15 d\u00edas de anticipaci\u00f3n la cancelaci\u00f3n de su reserva, se entender\u00e1 por confirmada. En caso contrario se cobra un 50\u202f% del *valor total (se descontar\u00e1 del abono hecho por usted.)<br \/>\n*No se efectuar\u00e1 devoluci\u00f3n de dinero por reservaciones, lo invitamos a reprogramar su nueva fecha, esto se podr\u00e1 efectuar solo una vez.<br \/>\n*La reserva deber\u00e1 quedar a nombre de la persona que cancela.<br \/>\n*No se admiten mascotas, pero se pueden hacer excepciones previas, consultando con administraci\u00f3n.<br \/>\n*Al t\u00e9rmino de su estad\u00eda la caba\u00f1a debe ser devuelta en condiciones de aseo y orden de inventario, en caso contrario se aplicar\u00e1 un cobro de $20.000 por concepto&nbsp;de&nbsp;aseo.<\/p>\n<p>&nbsp;<\/p>\n<p>[\/et_pb_text][\/et_pb_column][\/et_pb_row][\/et_pb_section]<\/p>\n","protected":false},"excerpt":{"rendered":"<p>[et_pb_section fb_built=&#8221;1&#8243; _builder_version=&#8221;4.8.0&#8243; _module_preset=&#8221;default&#8221;][et_pb_row _builder_version=&#8221;4.8.0&#8243; _module_preset=&#8221;default&#8221; width=&#8221;92.3%&#8221; custom_padding=&#8221;0px|||||&#8221;][et_pb_column type=&#8221;4_4&#8243; _builder_version=&#8221;4.8.0&#8243; _module_preset=&#8221;default&#8221;][et_pb_text _builder_version=&#8221;4.8.0&#8243; _module_preset=&#8221;default&#8221; width=&#8221;100%&#8221; custom_padding=&#8221;|0px||0px||&#8221;] &nbsp; *Se reciben paseos de curso, delegaciones u empresas, entre otros. *Para delegaciones tenemos un quincho equipado (horno semi industrial, cocina equipada), Con capacidad para 40 personas, con un valor preferencial de $ 45.000 mil pesos diarios. *El uso individual [&hellip;]<\/p>\n","protected":false},"author":1,"featured_media":0,"parent":8,"menu_order":0,"comment_status":"open","ping_status":"closed","template":"","meta":{"_et_pb_use_builder":"on","_et_pb_old_content":"","_et_gb_content_width":""},"_links":{"self":[{"href":"https:\/\/www.xn--cabaascarolina-tnb.cl\/index.php?rest_route=\/wp\/v2\/pages\/686"}],"collection":[{"href":"https:\/\/www.xn--cabaascarolina-tnb.cl\/index.php?rest_route=\/wp\/v2\/pages"}],"about":[{"href":"https:\/\/www.xn--cabaascarolina-tnb.cl\/index.php?rest_route=\/wp\/v2\/types\/page"}],"author":[{"embeddable":true,"href":"https:\/\/www.xn--cabaascarolina-tnb.cl\/index.php?rest_route=\/wp\/v2\/users\/1"}],"replies":[{"embeddable":true,"href":"https:\/\/www.xn--cabaascarolina-tnb.cl\/index.php?rest_route=%2Fwp%2Fv2%2Fcomments&post=686"}],"version-history":[{"count":7,"href":"https:\/\/www.xn--cabaascarolina-tnb.cl\/index.php?rest_route=\/wp\/v2\/pages\/686\/revisions"}],"predecessor-version":[{"id":698,"href":"https:\/\/www.xn--cabaascarolina-tnb.cl\/index.php?rest_route=\/wp\/v2\/pages\/686\/revisions\/698"}],"up":[{"embeddable":true,"href":"https:\/\/www.xn--cabaascarolina-tnb.cl\/index.php?rest_route=\/wp\/v2\/pages\/8"}],"wp:attachment":[{"href":"https:\/\/www.xn--cabaascarolina-tnb.cl\/index.php?rest_route=%2Fwp%2Fv2%2Fmedia&parent=686"}],"curies":[{"name":"wp","href":"https:\/\/api.w.org\/{rel}","templated":true}]}}